2 - 50*t - 3. Determine j(-7).
641
Let k(r) = -82*r**2 + 7*r - 1. What is k(-1)?
-90
Let t(x) = 3*x**3 + 80*x**2 - 118*x - 137. Determine t(-28).
31
Let u(v) = -81*v - 2164. What is u(-26)?
-58
Let d(l) = 38*l**2 - 472*l + 241. Calculate d(12).
49
Let d(p) = p**3 + 42*p**2 - 459*p + 8. Give d(9).
8
Let r(x) = 4*x**3 - 3*x**2 - 13. Calculate r(-4).
-317
Let s(o) = -48*o + 32. Determine s(5).
-208
Let q(t) = -t**3 - 9*t**2 + 71*t + 606. Give q(-7).
11
Let h(r) = 843*r + 2469. Calculate h(-3).
-60
Let b(r) = -r**3 + 7*r**2 - 36*r + 91. What is b(4)?
-5
Let h(k) = 7*k**2 - 7*k - 3. Give h(-1).
11
Let a(o) = o**3 - 69*o**2 + 81*o - 888. What is a(68)?
-4
Let q(y) = -17*y + 568. What is q(34)?
-10
Let m(w) = w**3 - 22*w**2 - 27*w + 1344. Give m(20).
4
Let x(l) = 3*l**3 - 50*l**2 + 75*l - 10. What is x(15)?
-10
Let t(q) = -104*q - 373. Give t(-4).
43
Let d(b) = b**2 - 35*b + 238. Determine d(28).
42
Let z(b) = 9*b**2 + 25*b + 92. Determine z(-6).
266
Let s(o) = -4*o + 74. Determine s(19).
-2
Let v(s) = -s**3 + 29*s**2 + 1199*s - 173. Calculate v(52).
-17
Let t(k) = -2*k**2 + 34*k + 66. Give t(19).
-10
Let m(n) = 705*n - 1. Give m(0).
-1
Let n(c) = -28*c**3 - 3*c**2 - 28*c - 20. Calculate n(-3).
793
Let u(q) = 5*q**2 - 16*q - 59. Give u(-6).
217
Let b(z) = 2*z**2 - 19*z - 470. What is b(21)?
13
Let s(g) = -55*g - 1421. Determine s(-24).
-101
Let x(k) = -104*k**2 + 399*k - 397. Calculate x(1).
-102
Let r(q) = -q**2 + 15*q + 40. Determine r(18).
-14
Let v(t) = -t**3 + 38*t**2 - 45*t + 288. Determine v(37).
-8
Let p(o) = o**3 + 17*o**2 + 41*o. What is p(-14)?
14
Let y(b) = -14*b + 64. What is y(8)?
-48
Let v(p) = -p**2 + 38*p + 712. Calculate v(-14).
-16
Let a(q) = q**3 + 2*q**2 - 13*q + 109. Give a(0).
109
Let j(b) = -34*b - 1923. Give j(-60).
117
Let s(y) = 85*y + 191. Determine s(-2).
21
Let i(b) = b**2 - 458*b - 38760. Calculate i(-73).
3
Let z(l) = 22*l - 712. What is z(44)?
256
Let r(s) = -2*s**3 - 26*s**2 - 66*s + 15. Determine r(-9).
-39
Let h(w) = -455*w + 85530. What is h(188)?
-10
Let u(c) = 48350*c + 628556. Calculate u(-13).
6
Let l(a) = 10*a**2 - 17*a + 32. What is l(7)?
403
Let g(f) = -3*f**2 + 23*f - 8. Calculate g(5).
32
Let o(y) = -y**2 - 6*y - 16. Give o(-2).
-8
Let j(v) = 176*v - 12841. Calculate j(73).
7
Let b(u) = u**3 + 6*u**2 - 90*u + 303. What is b(-14)?
-5
Let z(w) = -3*w**2 + 186*w + 158. Give z(63).
-31
Let v(c) = c**3 - 14*c**2 + 10*c - 24. Give v(14).
116
Let j(q) = 36*q**3 + 4*q**2 - 16. Calculate j(2).
288
Let g(x) = x**3 + 6*x**2 + 7*x - 8. Determine g(-4).
-4
Let k(g) = -g**3 - 6*g**2 + 187*g - 3. Calculate k(-17).
-3
Let a(b) = b**3 - 3*b**2 + 10*b + 12. What is a(5)?
112
Let t(n) = -4*n**3 + 31*n**2 - 2*n - 2. Determine t(8).
-82
Let u(d) = 4*d**3 + 2*d**2 - 7*d - 4. Give u(3).
101
Let o(r) = -15*r**2 + 9*r - 66. Determine o(3).
-174
Let t(d) = -28*d**2 - 50*d + 20. Determine t(-3).
-82
Let k(b) = b**3 - 6*b**2 + 15*b - 16. Give k(3).
2
Let d(u) = -100*u - 14. Determine d(-1).
86
Let o(z) = -5*z**2 + 143*z - 1090. Calculate o(8).
-266
Let t(p) = -p**3 - 9*p**2 + 20*p + 54. Calculate t(-11).
76
Let u(w) = -8*w**3 + 13*w**2 - 56*w - 7. Give u(4).
-535
Let f(b) = 2*b**2 - 432*b - 132358. Give f(387).
-4
Let n(w) = -79*w - 10233. Give n(-128).
-121
Let q(w) = -w**2 - 55*w + 47. Determine q(-56).
-9
Let d(l) = 96*l + 4507. What is d(-47)?
-5
Let d(c) = 8*c**3 + 28*c - 52. Calculate d(2).
68
Let i(s) = -29*s + 214. Give i(6).
40
Let o(x) = -2*x**2 + 29*x. Determine o(0).
0
Let p(f) = -5*f**3 - 50*f**2 + 57*f - 35. Give p(-11).
-57
Let p(l) = -2096*l + 6293. What is p(3)?
5
Let z(w) = 12*w**3 - 18*w**2 - 53*w - 5. Calculate z(3).
-2
Let x(n) = -44*n + 36. Calculate x(1).
-8
Let y(x) = -1449*x + 2947. Determine y(2).
49
Let q(z) = -32767*z + 327670. Give q(10).
0
Let n(g) = 3*g**2 - 209*g + 3595. Give n(31).
-1
Let d(v) = -v**2 + 7*v + 15. Determine d(18).
-183
Let g(o) = o**3 - 7*o**2 + 4*o - 36. Determine g(7).
-8
Let h(u) = -u**3 + 10*u**2 + 66*u + 114. Give h(-4).
74
Let r(h) = -h**2 - 139*h - 4121. Give r(-96).
7
Let y(h) = 158*h + 2431. What is y(-15)?
61
Let m(b) = 15*b**2 + 179*b + 360. Determine m(-2).
62
Let g(u) = 15*u**2 - 275*u + 1. Calculate g(17).
-339
Let l(u) = -u**2 + 2639*u - 18491. What is l(7)?
-67
Let s(n) = -8*n**3 - 9*n + 8. Give s(2).
-74
Let a(i) = -2*i**3 + 20*i**2 + 46*i + 2. Determine a(-2).
6
Let c(t) = -t**2 + 9*t + 47. Determine c(14).
-23
Let g(y) = -y**2 + 525*y - 47156. What is g(115)?
-6
Let m(y) = -72*y - 1956. Calculate m(-27).
-12
Let b(g) = -13*g**2 + 3*g + 14. Calculate b(-4).
-206
Let t(v) = 48*v - 3402. Determine t(71).
6
Let s(i) = 165*i + 216. Give s(2).
546
Let o(f) = 11*f**2 - 488*f - 1377. Calculate o(47).
-14
Let v(s) = 1168*s + 9308. Calculate v(-8).
-36
Let u(n) = -1261*n - 1278. Give u(-1).
-17
Let w(x) = x**3 + 36*x**2 + 67*x + 2. Give w(-34).
36
Let f(l) = -2002*l - 4011. Calculate f(-2).
-7
Let w(q) = -16*q**2 - 12*q + 16. Determine w(1).
-12
Let v(l) = -26*l + 167. Give v(11).
-119
Let j(l) = -152*l - 859. What is j(-6)?
53
Let h(t) = 48*t + 25. What is h(2)?
121
Let b(v) = -v**3 - 16*v**2 - 36*v - 3. Give b(-13).
-42
Let j(x) = 132*x + 1988. Give j(-15).
8
Let k(b) = 3*b**3 - 95*b**2 + 64*b - 4. What is k(31)?
58
Let u(l) = 10*l**2 - 6*l - 53. Give u(4).
83
Let r(x) = -2*x**2 + 14*x - 21. Calculate r(9).
-57
Let l(v) = v**3 + 10*v**2 - 27*v + 28. Give l(-12).
64
Let q(b) = -b**3 + 11*b**2 - 80*b + 448. Determine q(8).
0
Let z(j) = 38*j**2 + 32*j + 60. Calculate z(-2).
148
Let f(n) = n**3 + 12*n**2 - 3*n - 43. Calculate f(-5).
147
Let i(g) = -21*g + 735. What is i(36)?
-21
Let q(n) = 7*n**3 - 90*n**2 - 49*n + 475. What is q(13)?
7
Let z(o) = -9*o**2 + 186*o - 185. Calculate z(1).
-8
Let g(s) = 8*s - 72. Give g(10).
8
Let p(q) = 56*q**2 - 115*q - 6. Calculate p(2).
-12
Let h(c) = 64*c**2 + 129*c. Calculate h(-2).
-2
Let a(k) = k**3 - 23*k**2 + 45*k - 101. Give a(21).
-38
Let w(h) = -h**3 - 53*h**2 + 82*h + 1511. Calculate w(-54).
-1
Let r(d) = 2*d**3 + 41*d**2 + 212*d + 6. What is r(-12)?
-90
Let p(n) = n**3 + n**2 - n + 8. Determine p(-5).
-87
Let c(i) = -4*i**2 + 195*i - 341. What is c(47)?
-12
Let j(a) = 151*a + 2425. Give j(-16).
9
Let x(w) = -87*w - 76. What is x(-2)?
98
Let x(u) = 2*u**2 + 206*u + 3901. Calculate x(-25).
1
Let j(w) = 11*w**3 - 2*w**2 - 4*w - 12. What is j(-3)?
-315
Let v(i) = i**3 - 18*i**2 - 21*i + 793. What is v(-6)?
55
Let h(q) = 137*q - 2873. Calculate h(21).
4
Let f(c) = -c**2 + 33*c - 3. Determine f(27).
159
Let k(y) = -y**3 - 95*y**2 - 854*y - 337. Calculate k(-85).
3
Let b(q) = -q**3 - 12*q**2 - 16*q - 107. Give b(-11).
-52
Let v(t) = t - 462. What is v(-111)?
-573
Let r(y) = 7*y - 479. Give r(70).
11
Let x(j) = 28*j + 384. What is x(-9)?
132
Let o(z) = -z**2 + 121*z + 34. What is o(0)?
34
Let j(t) = 34*t + 38. Calculate j(-15).
-472
Let c(y) = 6*y**2 - 146*y + 681. Calculate c(18).
-3
Let a(m) = -251*m - 9044. Calculate a(-36).
-8
Let s(j) = -17*j - 355. Determine s(-21).
2
Let u(r) = -r**3 + 171*r**2 + 881*r - 191. Give u(176).
-15
Let r(c) = 2*c**2 - 69*c + 356. Determine r(6).
14
Let p(g) = g**2 + 33*g + 78. Calculate p(-32).
46
Let u(n) = -4*n**3 + 272*n**2 - 271*n + 193. Calculate u(67).
-8
Let b(i) = 57*i + 449. Determine b(-8).
-7
Let p(l) = -5*l + 20. Calculate p(6).
-10
Let j(x) = 478*x**2 - 7*x - 5. Calculate j(-1).
480
Let p(m) = 3*m**2 - 47*m - 367. Give p(-6).
23
Let s(n) = 25*n - 518. Determine s(17).
-93
Let v(k) = -56*k - 727. Give v(-18).
281
Let x(z) = -z**3 + 11*z**2 - 14*z + 3. What is x(5)?
83
Let q(n) = -913*n - 4542. Determine q(-5).
23
Let y(g) = g**3 + 16*g**2 + 58*g + 175. Give y(-13).
-72
Let g(v) = -73*v - 1383. Calculate g(-19).
4
Let n(p) = 4*p**3 + 2*p**2 + 29*p - 69. Give n(4).
335
Let f(c) = -2*c**2 - 197*c - 2853. Determine f(-18).
45
Let a(p) = 3*p**2 + 58*p + 110. What is a(-2)?
6
Let k(h) = 27*h + 552. Calculate k(-20).
12
Let p(x) = 11*x**2 - 190*x + 369. Calculate p(15).
-6
Let y(x) = 90*x - 119. Give y(0).
-119
Let n(u) = -u**3 - 7*u**2 + 96*u + 504. Determine n(-5).
-26
Let p(i) = -2248*i + 6762. Determine p(3).
18
Let h(i) = -74*i + 78. Determine h(-4).
374
Let m(p) = -p**3 + 13*p**2 + 30*p - 292. Give m(13).
98
Let b(h) = -1952*h + 17577. Give b(9).
9
Let j(w) = -42*w**2 - 121*w - 13. Give j(-3